{"id":8,"date":"2025-06-05T08:33:05","date_gmt":"2025-06-05T06:33:05","guid":{"rendered":"https:\/\/ortodontapoznan.net\/?page_id=8"},"modified":"2025-06-17T09:18:13","modified_gmt":"2025-06-17T07:18:13","slug":"kontakt","status":"publish","type":"page","link":"https:\/\/ortodontapoznan.net\/index.php\/kontakt\/","title":{"rendered":"Kontakt"},"content":{"rendered":"\n<h2 class=\"wp-block-heading has-text-align-center\" id=\"h-odwiedz-nas\"><a href=\"https:\/\/www.stankowscybialach.pl\/\">ODWIED\u0179 NAS<\/a>,<\/h2>\n\n\n\n<h3 class=\"wp-block-heading has-text-align-center\" id=\"h-poznaj-najwyzsza-jakosc-leczenia-i-opieki-stomatologicznej\">poznaj najwy\u017csz\u0105 jako\u015b\u0107 leczenia i opieki stomatologicznej<\/h3>\n\n\n\n<hr class=\"wp-block-separator has-alpha-channel-opacity\"\/>\n\n\n\n<div class=\"wp-block-columns is-layout-flex wp-container-core-columns-is-layout-9d6595d7 wp-block-columns-is-layout-flex\">\n<div class=\"wp-block-column is-layout-flow wp-block-column-is-layout-flow\">\n<h2 class=\"wp-block-heading has-text-align-left\" id=\"h-kontakt\">Kontakt<\/h2>\n\n\n\n<h4 class=\"wp-block-heading\"><a href=\"http:\/\/+48518327667\/\">518 327 667<\/a>&nbsp;\u2013 kontakt sms i WhatsApp<\/h4>\n\n\n\n<h4 class=\"wp-block-heading\" id=\"h-518-327-667\"><a href=\"tel:+48614111009\" target=\"_blank\" rel=\"noreferrer noopener\">614 111 009<\/a>&nbsp;\u2013 &nbsp;kontakt telefoniczny<\/h4>\n\n\n\n<hr class=\"wp-block-separator has-alpha-channel-opacity\"\/>\n\n\n\n<h4 class=\"wp-block-heading\" id=\"h-godziny-otwarcia\">Godziny otwarcia<\/h4>\n\n\n\n<h3 class=\"wp-block-heading\" id=\"h-8-00-20-00\">8:00 \u2013 20:00<\/h3>\n\n\n\n<p>Poniedzia\u0142ek \u2013 Pi\u0105tek<\/p>\n<\/div>\n\n\n\n<div class=\"wp-block-column is-layout-flow wp-block-column-is-layout-flow\">\n<h2 class=\"wp-block-heading\" id=\"h-adres\">Adres<\/h2>\n\n\n\n<h3 class=\"wp-block-heading\" id=\"h-ul-pilska-15\"><a href=\"https:\/\/goo.gl\/maps\/uN3iqbrBwT4vQkem8\">ul. Pilska 15<\/a><\/h3>\n\n\n\n<p>Pon. \u2013 Pt.:<br>8:00 \u2013 20:00<\/p>\n\n\n\n<h4 class=\"wp-block-heading\">E-mail<\/h4>\n\n\n\n<p><a href=\"mailto:rejestracja@stankowscybialach.pl\">rejestracja@stankowscybialach.pl<\/a><\/p>\n\n\n\n<p>61-045 Pozna\u0144<\/p>\n\n\n\n<p>(wej\u015bcie od ul. Mogile\u0144skiej)<\/p>\n<\/div>\n<\/div>\n","protected":false},"excerpt":{"rendered":"<p>ODWIED\u0179 NAS, poznaj najwy\u017csz\u0105 jako\u015b\u0107 leczenia i opieki stomatologicznej Kontakt 518 327 667&nbsp;\u2013 kontakt sms i WhatsApp 614 111 009&nbsp;\u2013 &nbsp;kontakt telefoniczny Godziny otwarcia 8:00 \u2013 20:00 Poniedzia\u0142ek \u2013 Pi\u0105tek Adres ul. Pilska 15 Pon. \u2013 Pt.:8:00 \u2013 20:00 E-mail rejestracja@stankowscybialach.pl 61-045 Pozna\u0144 (wej\u015bcie od ul. Mogile\u0144skiej)<\/p>\n","protected":false},"author":1,"featured_media":0,"parent":0,"menu_order":0,"comment_status":"closed","ping_status":"closed","template":"","meta":{"footnotes":""},"class_list":["post-8","page","type-page","status-publish"],"yoast_head":"<!-- This site is optimized with the Yoast SEO plugin v25.3 - https:\/\/yoast.com\/wordpress\/plugins\/seo\/ -->\n<title>Kontakt - Ortodonta Pozna\u0144<\/title>\n<meta name=\"robots\" content=\"index, follow, max-snippet:-1, max-image-preview:large, max-video-preview:-1\" \/>\n<link rel=\"canonical\" href=\"https:\/\/ortodontapoznan.net\/index.php\/kontakt\/\" \/>\n<meta property=\"og:locale\" content=\"pl_PL\" \/>\n<meta property=\"og:type\" content=\"article\" \/>\n<meta property=\"og:title\" content=\"Kontakt - Ortodonta Pozna\u0144\" \/>\n<meta property=\"og:description\" content=\"ODWIED\u0179 NAS, poznaj najwy\u017csz\u0105 jako\u015b\u0107 leczenia i opieki stomatologicznej Kontakt 518 327 667&nbsp;\u2013 kontakt sms i WhatsApp 614 111 009&nbsp;\u2013 &nbsp;kontakt telefoniczny Godziny otwarcia 8:00 \u2013 20:00 Poniedzia\u0142ek \u2013 Pi\u0105tek Adres ul. Pilska 15 Pon. \u2013 Pt.:8:00 \u2013 20:00 E-mail rejestracja@stankowscybialach.pl 61-045 Pozna\u0144 (wej\u015bcie od ul. Mogile\u0144skiej)\" \/>\n<meta property=\"og:url\" content=\"https:\/\/ortodontapoznan.net\/index.php\/kontakt\/\" \/>\n<meta property=\"og:site_name\" content=\"Ortodonta Pozna\u0144\" \/>\n<meta property=\"article:modified_time\" content=\"2025-06-17T07:18:13+00:00\" \/>\n<meta name=\"twitter:card\" content=\"summary_large_image\" \/>\n<meta name=\"twitter:label1\" content=\"Szacowany czas czytania\" \/>\n\t<meta name=\"twitter:data1\" content=\"1 minuta\" \/>\n<script type=\"application\/ld+json\" class=\"yoast-schema-graph\">{\"@context\":\"https:\/\/schema.org\",\"@graph\":[{\"@type\":\"WebPage\",\"@id\":\"https:\/\/ortodontapoznan.net\/index.php\/kontakt\/\",\"url\":\"https:\/\/ortodontapoznan.net\/index.php\/kontakt\/\",\"name\":\"Kontakt - Ortodonta Pozna\u0144\",\"isPartOf\":{\"@id\":\"https:\/\/ortodontapoznan.net\/#website\"},\"datePublished\":\"2025-06-05T06:33:05+00:00\",\"dateModified\":\"2025-06-17T07:18:13+00:00\",\"breadcrumb\":{\"@id\":\"https:\/\/ortodontapoznan.net\/index.php\/kontakt\/#breadcrumb\"},\"inLanguage\":\"pl-PL\",\"potentialAction\":[{\"@type\":\"ReadAction\",\"target\":[\"https:\/\/ortodontapoznan.net\/index.php\/kontakt\/\"]}]},{\"@type\":\"BreadcrumbList\",\"@id\":\"https:\/\/ortodontapoznan.net\/index.php\/kontakt\/#breadcrumb\",\"itemListElement\":[{\"@type\":\"ListItem\",\"position\":1,\"name\":\"Strona g\u0142\u00f3wna\",\"item\":\"https:\/\/ortodontapoznan.net\/\"},{\"@type\":\"ListItem\",\"position\":2,\"name\":\"Kontakt\"}]},{\"@type\":\"WebSite\",\"@id\":\"https:\/\/ortodontapoznan.net\/#website\",\"url\":\"https:\/\/ortodontapoznan.net\/\",\"name\":\"Ortodonta Pozna\u0144\",\"description\":\"\",\"potentialAction\":[{\"@type\":\"SearchAction\",\"target\":{\"@type\":\"EntryPoint\",\"urlTemplate\":\"https:\/\/ortodontapoznan.net\/?s={search_term_string}\"},\"query-input\":{\"@type\":\"PropertyValueSpecification\",\"valueRequired\":true,\"valueName\":\"search_term_string\"}}],\"inLanguage\":\"pl-PL\"}]}<\/script>\n<!-- \/ Yoast SEO plugin. -->","yoast_head_json":{"title":"Kontakt - Ortodonta Pozna\u0144","robots":{"index":"index","follow":"follow","max-snippet":"max-snippet:-1","max-image-preview":"max-image-preview:large","max-video-preview":"max-video-preview:-1"},"canonical":"https:\/\/ortodontapoznan.net\/index.php\/kontakt\/","og_locale":"pl_PL","og_type":"article","og_title":"Kontakt - Ortodonta Pozna\u0144","og_description":"ODWIED\u0179 NAS, poznaj najwy\u017csz\u0105 jako\u015b\u0107 leczenia i opieki stomatologicznej Kontakt 518 327 667&nbsp;\u2013 kontakt sms i WhatsApp 614 111 009&nbsp;\u2013 &nbsp;kontakt telefoniczny Godziny otwarcia 8:00 \u2013 20:00 Poniedzia\u0142ek \u2013 Pi\u0105tek Adres ul. Pilska 15 Pon. \u2013 Pt.:8:00 \u2013 20:00 E-mail rejestracja@stankowscybialach.pl 61-045 Pozna\u0144 (wej\u015bcie od ul. Mogile\u0144skiej)","og_url":"https:\/\/ortodontapoznan.net\/index.php\/kontakt\/","og_site_name":"Ortodonta Pozna\u0144","article_modified_time":"2025-06-17T07:18:13+00:00","twitter_card":"summary_large_image","twitter_misc":{"Szacowany czas czytania":"1 minuta"},"schema":{"@context":"https:\/\/schema.org","@graph":[{"@type":"WebPage","@id":"https:\/\/ortodontapoznan.net\/index.php\/kontakt\/","url":"https:\/\/ortodontapoznan.net\/index.php\/kontakt\/","name":"Kontakt - Ortodonta Pozna\u0144","isPartOf":{"@id":"https:\/\/ortodontapoznan.net\/#website"},"datePublished":"2025-06-05T06:33:05+00:00","dateModified":"2025-06-17T07:18:13+00:00","breadcrumb":{"@id":"https:\/\/ortodontapoznan.net\/index.php\/kontakt\/#breadcrumb"},"inLanguage":"pl-PL","potentialAction":[{"@type":"ReadAction","target":["https:\/\/ortodontapoznan.net\/index.php\/kontakt\/"]}]},{"@type":"BreadcrumbList","@id":"https:\/\/ortodontapoznan.net\/index.php\/kontakt\/#breadcrumb","itemListElement":[{"@type":"ListItem","position":1,"name":"Strona g\u0142\u00f3wna","item":"https:\/\/ortodontapoznan.net\/"},{"@type":"ListItem","position":2,"name":"Kontakt"}]},{"@type":"WebSite","@id":"https:\/\/ortodontapoznan.net\/#website","url":"https:\/\/ortodontapoznan.net\/","name":"Ortodonta Pozna\u0144","description":"","potentialAction":[{"@type":"SearchAction","target":{"@type":"EntryPoint","urlTemplate":"https:\/\/ortodontapoznan.net\/?s={search_term_string}"},"query-input":{"@type":"PropertyValueSpecification","valueRequired":true,"valueName":"search_term_string"}}],"inLanguage":"pl-PL"}]}},"_links":{"self":[{"href":"https:\/\/ortodontapoznan.net\/index.php\/wp-json\/wp\/v2\/pages\/8","targetHints":{"allow":["GET"]}}],"collection":[{"href":"https:\/\/ortodontapoznan.net\/index.php\/wp-json\/wp\/v2\/pages"}],"about":[{"href":"https:\/\/ortodontapoznan.net\/index.php\/wp-json\/wp\/v2\/types\/page"}],"author":[{"embeddable":true,"href":"https:\/\/ortodontapoznan.net\/index.php\/wp-json\/wp\/v2\/users\/1"}],"replies":[{"embeddable":true,"href":"https:\/\/ortodontapoznan.net\/index.php\/wp-json\/wp\/v2\/comments?post=8"}],"version-history":[{"count":3,"href":"https:\/\/ortodontapoznan.net\/index.php\/wp-json\/wp\/v2\/pages\/8\/revisions"}],"predecessor-version":[{"id":120,"href":"https:\/\/ortodontapoznan.net\/index.php\/wp-json\/wp\/v2\/pages\/8\/revisions\/120"}],"wp:attachment":[{"href":"https:\/\/ortodontapoznan.net\/index.php\/wp-json\/wp\/v2\/media?parent=8"}],"curies":[{"name":"wp","href":"https:\/\/api.w.org\/{rel}","templated":true}]}}